ds digit of 3354?
3
What is the ten thousands digit of 91873?
9
What is the hundreds digit of 1564?
5
What is the units digit of 381?
1
What is the tens digit of 6164?
6
What is the units digit of 35672?
2
What is the tens digit of 524?
2
What is the ten thousands digit of 36589?
3
What is the tens digit of 83257?
5
What is the ten thousands digit of 44053?
4
What is the units digit of 7313?
3
What is the hundreds digit of 1185?
1
What is the units digit of 28?
8
What is the thousands digit of 11494?
1
What is the thousands digit of 22184?
2
What is the tens digit of 5089?
8
What is the tens digit of 5187?
8
What is the ten thousands digit of 30737?
3
What is the tens digit of 7566?
6
What is the tens digit of 23497?
9
What is the thousands digit of 21913?
1
What is the hundreds digit of 3485?
4
What is the units digit of 84716?
6
What is the units digit of 412?
2
What is the hundreds digit of 1157?
1
What is the tens digit of 627?
2
What is the tens digit of 1937?
3
What is the thousands digit of 38476?
8
What is the thousands digit of 6406?
6
What is the hundreds digit of 6686?
6
What is the units digit of 37597?
7
What is the hundreds digit of 2318?
3
What is the tens digit of 480?
8
What is the tens digit of 8267?
6
What is the units digit of 158?
8
What is the tens digit of 737?
3
What is the hundreds digit of 13456?
4
What is the thousands digit of 18457?
8
What is the tens digit of 4104?
0
What is the units digit of 353?
3
What is the units digit of 2048?
8
What is the hundreds digit of 2935?
9
What is the tens digit of 743?
4
What is the tens digit of 3545?
4
What is the hundreds digit of 32775?
7
What is the units digit of 471?
1
What is the tens digit of 5435?
3
What is the hundreds digit of 10026?
0
What is the tens digit of 74?
7
What is the tens digit of 80852?
5
What is the units digit of 555?
5
What is the tens digit of 55?
5
What is the tens digit of 1921?
2
What is the hundreds digit of 61770?
7
What is the tens digit of 534?
3
What is the hundreds digit of 851?
8
What is the tens digit of 2124?
2
What is the hundreds digit of 15101?
1
What is the hundreds digit of 5321?
3
What is the units digit of 1122?
2
What is the thousands digit of 5811?
5
What is the hundreds digit of 4439?
4
What is the thousands digit of 10176?
0
What is the tens digit of 5077?
7
What is the units digit of 73142?
2
What is the units digit of 1424?
4
What is the hundreds digit of 1508?
5
What is the hundreds digit of 4893?
8
What is the hundreds digit of 778?
7
What is the units digit of 77?
7
What is the hundreds digit of 2293?
2
What is the thousands digit of 41732?
1
What is the ten thousands digit of 11682?
1
What is the ten thousands digit of 54176?
5
What is the tens digit of 2106?
0
What is the thousands digit of 1750?
1
What is the ten thousands digit of 17196?
1
What is the hundreds digit of 18640?
6
What is the tens digit of 9605?
0
What is the units digit of 908?
8
What is the ten thousands digit of 36983?
3
What is the tens digit of 1034?
3
What is the tens digit of 2240?
4
What is the hundreds digit of 24179?
1
What is the units digit of 166?
6
What is the thousands digit of 112397?
2
What is the units digit of 11725?
5
What is the hundreds digit of 39779?
7
What is the tens digit of 12492?
9
What is the units digit of 4?
4
What is the ten thousands digit of 23374?
2
What is the tens digit of 848?
4
What is the units digit of 4276?
6
What is the tens digit of 88?
8
What is the tens digit of 8894?
9
What is the thousands digit of 11625?
1
What is the hundreds digit of 87433?
4
What is the units digit of 73027?
7
What is the thousands digit of 34102?
4
What is the units digit of 41111?
1
What is the thousands digit of 11390?
1
What is the thousands digit of 17982?
7
What is the units digit of 8668?
8
What is the units digit of 11343?
3
What is the units digit of 9807?
7
What is the ten thousands digit of 53869?
5
What is the tens digit of 3519?
1
What is the tens digit of 3682?
8
What is the thousands digit of 9801?
9
What is the tens digit of 5341?
4
What is the units digit of 113804?
4
What is the hundreds digit of 3490?
4
What is the thousands digit of 6833?
6
What is the tens digit of 498?
9
What is the units digit of 31951?
1
What is the tens digit of 1979?
7
What is the thousands digit of 15594?
5
What is the tens digit of 1796?
9
What is the tens digit of 618?
1
What is the tens digit of 961?
6
What is the tens digit of 831?
3
What is the units digit of 93?
3
What is the hundreds digit of 44919?
9
What is the units digit of 3046?
6
What is the hundreds digit of 34808?
8
What is the hundreds digit of 50988?
9
What is the thousands digit of 9790?
9
What is the ten thousands digit of 10260?
1
What is the units digit of 2900?
0
What is the thousands digit of 27399?
7
What is the thousands digit of 6679?
6
What is the thousands digit of 9341?
9
What is the units digit of 4?
4
What is the thousands digit of 7717?
7
What is the units digit of 26123?
3
What is the thousands digit of 2077?
2
What is the tens digit of 1976?
7
What is the units digit of 6106?
6
What is the units digit of 279?
9
What is the tens digit of 70863?
6
What is the thousands digit of 7235?
7
What is the hundreds digit of 1517?
5
What is the tens digit of 109255?
5
What is the units digit of 1056?
6
What is the thousands digit of 9130?
9
What is the tens digit of 93069?
6
What is the hundreds digit of 15854?
8
What is the thousands digit of 1170?
1
What is the hundreds digit of 662?
6
What is the hundreds digit of 854?
8
What is the tens digit of 2194?
9
What is the units digit of 362?
2
What is the tens digit of 294?
9
What is the tens digit of 18216?
1
What is the hundreds digit of 326?
3
What is the hundreds digit of 1955?
9
What is the units digit of 9403?
3
What is the tens digit of 8003?
0
What is the thousands digit of 15037?
5
What is the tens digit of 1380?
8
What is the thousands digit of 1186?
1
What is the hundreds digit of 908?
9
What is the hundreds digit of 22519?
5
What is the tens digit of 5926?
2
What is the tens digit of 1592?
9
What is the ten thousands digit of 42884?
4
What is the ten thousands digit of 71780?
7
What is the thousands digit of 16152?
6
What is the ten thousands digit of 23641?
2
What is the units digit of 806?
6
What is the units digit of 824?
4
What is the hundreds digit of 2621?
6
What is the tens digit of 46150?
5
What is the thousands digit of 109129?
9
What is the units digit of 245?
5
What is the units digit of 1721?
1
What is the ten thousands digit of 52010?
5
What is the tens digit of 813?
1
What is the hundreds digit of 2600?
6
What is the tens digit of 2823?
2
What is the units digit of 97442?
2
What is the ten thousands digit of 99145?
9
What is the units digit of 8271?
1
What is the tens digit of 1547?
4
What is the units digit of 212?
2
What is the tens digit of 868?
6
What is the tens digit of 1215?
1
What is the tens digit of 26227?
2
What is the thousands digit of 42945?
2
What is the tens digit of 441?
4
What is the units digit of 706?
6
What is the units digit of 54476?
6
What is the units digit of 69397?
7
What is the units digit of 1007?
7
What is the tens digit of 35444?
4
What is the hundreds digit of 273?
2
What is the units digit of 27528?
8
What is the units digit of 84507?
7
What is the units digit of 225?
5
What is the ten thousands digit of 71661?
7
What is the units digit of 1515?
5
What is the units digit of 858?
8
What is the tens digit of 3669?
6
What is the thousands digit of 26287?
6
What is the units digit of 12370?
0
What is the hundreds digit of 2790?
7
What is the hundreds digit of 388?
3
What is the ten thousands digit of 199058?
9
What is the tens digit of 3181?
8
What is the units digit of 12301?
1
What is the units digit of 821?
1
What is the thousands digit of 22376?
2
What is the thousands digit of 2400?
2
What is the thousands digit of 1297?
1
What is the units digit of 1252?
2
What is the tens digit of 5124?
2
What is the tens digit of 439?
3
What is the thousands digit of 55613?
5
What is the thousands digit of 1341?
1
What is the hundreds digit of 108747?
7
What is the thousands digit of 98357?
8
What is the tens digit of 506?
0
What is the thousands digit of 54403?
4
What is the 